ppose -2*q + f = 4, -2*q + 2*f - 2 = -0. Let h be ((-18)/12 + 3)*(-4)/q. Suppose -4*a = 0, a = 3*m - h*a - 582. What are the prime factors of m?
2, 97
Let b = 2547 + -614. What are the prime factors of b?
1933
Suppose -11*n + 1750 - 13509 = 0. Let w = n + 1521. What are the prime factors of w?
2, 113
Let h(g) = -g**3 + 40*g**2 - 47*g + 10. Let d be h(39). Let w = 386 - d. List the prime factors of w.
2, 43
Let o = -957 - -1730. List the prime factors of o/2 + 32/64.
3, 43
Suppose -56 = -4*j - 3*a, -2*a + 7*a = -3*j + 42. Suppose -3*r + 51 = j*r. Suppose 85 = -3*v - r*b + 682, -2*v + 418 = -2*b. List the prime factors of v.
2, 3, 17
Let b be (-198*(-2)/(-10))/(18/60). Let a = b - -191. Suppose -9*x + a = -8*x. What are the prime factors of x?
59
Suppose -3 = y - 4*y. Suppose -3*c = -6*c + 4*m + y, -3*m = -6. Suppose -c*l + 112 = l. List the prime factors of l.
2, 7
Let c = 5473 - 4688. What are the prime factors of c?
5, 157
Suppose g - 2*n = 74, -2*g - 3*n + 38 = -89. Let k = g + -59. Suppose k*h - 10*h + 135 = 0. List the prime factors of h.
3, 5
Let q(p) = 13*p + 62. Let d(l) = -19*l - 93. Let w(x) = -5*d(x) - 8*q(x). Let s be w(-9). Suppose 4*z - 30 - s = 0. What are the prime factors of z?
2, 5
Let m(n) = -3*n**3 + 3*n**2 + 4*n - 4. Let t be m(2). What are the prime factors of ((-554)/6 + -2)/(t/24)?
283
Let x(j) = 115*j - 571. What are the prime factors of x(22)?
3, 653
Let w = 313 - 215. Suppose w = 4*n + 18. Suppose -4*u + 141 + 215 = 4*i, 0 = 5*u + n. List the prime factors of i.
3, 31
Let d = 1502 + -1054. What are the prime factors of (d/(-48))/(4/(-102))?
2, 7, 17
Suppose 670*v - 7577246 = 4904184. List the prime factors of v.
13, 1433
Let p = 38 - 368. Let w = p + 726. List the prime factors of w.
2, 3, 11
Let t(f) = -8*f. Let b(a) = -34 - a - 12*a - a**2 + 5*a - 10*a. Let x be b(-16). List the prime factors of t(x).
2
Suppose -613811 - 119425 = -92*a - 37*a. What are the prime factors of a?
2, 7, 29
Let n(f) be the third derivative of 4*f**5/15 + f**4/6 + f**3/6 + 20*f**2. List the prime factors of n(2).
73
Let o = 16555 - 10033. List the prime factors of o.
2, 3, 1087
Let k be 1 + 5/(0 + -5). Suppose k = -a + 4*p + 938, a - 940 = 15*p - 13*p. What are the prime factors of a?
2, 3, 157
Let c(s) = -s**3 - 13*s**2 - 12*s + 3. Let u be c(-12). Suppose u*d - 2553 = -p, -d = 4*d - 2*p - 4244. What are the prime factors of d?
2, 5, 17
Let s(i) = 26 + 20*i**2 + 2*i + 32*i**2 - 53*i**2. List the prime factors of s(5).
11
Suppose -659*d + 13161328 = -331*d. What are the prime factors of d?
2, 20063
Let w(p) = 51*p**3 + 6*p**2 - 15*p - 146. List the prime factors of w(8).
2, 5, 43, 61
Let v(o) = -27*o + 902. What are the prime factors of v(-65)?
2657
Let n = -13287 + 23163. List the prime factors of n.
2, 3, 823
Let q be -7*(-731)/153 + 8/(-18). Let s be (-3)/(-6) - 26/(-4). Let i = q - s. What are the prime factors of i?
2, 13
Suppose -3*o - 15 = 0, -2*o + 3*o = -5*y + 20. Suppose -1350 = -5*s + y*g, 3*g - 520 = -0*s - 2*s. List the prime factors of s.
2, 7, 19
Let s(x) = -x - 9. Let r be s(-9). Let n = 498 - 496. Suppose r = n*y + 3*b - 119, 5*y - 2*y - 153 = 4*b. List the prime factors of y.
5, 11
Let y(c) = 71*c**2 - 228*c + 15. List the prime factors of y(5).
2, 5, 13
Suppose -154605 = -2*g + 3*l, 2900*g - 9*l - 77355 = 2899*g. List the prime factors of g.
2, 3, 19, 113
Let k(j) = -300*j - 66. What are the prime factors of k(-12)?
2, 3, 19, 31
Let c(x) = -1 + 124*x + 3*x**3 - 2*x**2 + 7*x**3 - 121*x. List the prime factors of c(2).
7, 11
Let w(c) = -c**3 - c**2 + 35*c + 24. Let j be w(-7). Suppose -j*v + 26700 = -23*v. List the prime factors of v.
2, 3, 89
Let p(y) = y**2 - 6*y. Let v be p(10). Suppose 3*x = v - 34. Suppose x*w - 554 = -4*r, -r - 3*w = -w - 137. What are the prime factors of r?
139
Suppose l - 2*p = 3*p + 56, -l + 21 = 2*p. Suppose -l*n + 6146 = -17*n. List the prime factors of n.
439
Suppose 11*p = 8*p - 7*u + 14521, 4*p - 2*u - 19350 = 0. List the prime factors of p.
2, 41, 59
Suppose 0 = -4*h - 4*p + 128, 3*h - h + 3*p = 69. Suppose 0 = 3*f - h - 39. What are the prime factors of f?
2, 11
Let f be (8/16)/((-3)/14544). Let c = -1636 - f. Suppose 17*r = 13*r + c. What are the prime factors of r?
197
Let q be 3/12 - (-407)/4. Let d = 170 - q. Suppose -3*z - m = -123, -2*z + 4*z - d = 4*m. List the prime factors of z.
2, 5
Let r(d) = -d**3 + 29*d**2 + 66*d + 58. Let i be r(31). Suppose 5472 = -179*s + i*s. List the prime factors of s.
2, 3, 19
Let x(a) = a**3 + 5*a**2 - 9*a - 24. Let n be x(-6). What are the prime factors of 1*1264 - (-5 - n)*-1?
5, 11, 23
Let r = -364 - -820. Let u = 1267 - r. What are the prime factors of u?
811
Suppose 16*y = 12*y + 4. Suppose -4*t + 7 = -y. Suppose -13*a + 1254 = -t*a. What are the prime factors of a?
2, 3, 19
Suppose 0*a + a + 644 = 4*g, -3*g + 2550 = -4*a. Let v = -371 - a. Suppose 0*p - 5*p + v = 0. List the prime factors of p.
53
Suppose 3*i - 490 = -7*i. Suppose -7*d = -126 + i. Let o = 122 + d. What are the prime factors of o?
7, 19
Suppose -4*v = 3*p - 96, -5*p = -3*v + 4*v - 24. Let q = 104 + v. Suppose -q - 120 = -w. List the prime factors of w.
2, 31
Let y(i) = i**2 - 12*i + 24. Let m be y(11). Let p be (m/((-234)/(-2256)))/(4/6). Suppose p = 9*r - 532. What are the prime factors of r?
2, 5
Let f(o) = 1834*o + 34. List the prime factors of f(13).
2, 47, 127
Let s(c) = -c**2 - 12*c - 6. Let r be s(-11). Let a be ((-3836)/(-8) - 5)*(r - 1). Suppose 14*k - k - a = 0. List the prime factors of k.
2, 73
Let p(n) = 43*n + 2. Suppose 3*h - 7 = 5. Suppose 2*z - z = -h, 3*o + 3*z = 0. List the prime factors of p(o).
2, 3, 29
Let n(q) = -8*q + 76. Let h be n(9). Suppose -5*m - 35*d + 34*d = -6933, 4*m + h*d - 5556 = 0. What are the prime factors of m?
2, 3, 7, 11
Let c(j) = 959*j - 13732. What are the prime factors of c(29)?
3, 13, 19
Let y(b) = 8*b**3 - 15*b + 17. Let g(z) = -4*z**3 + 7*z - 8. Let u(x) = -7*g(x) - 3*y(x). Suppose -7*o - 20*o = -53 - 1. What are the prime factors of u(o)?
29
Let a = -83 + 89. Let y be 25 - (4/a)/(4/(-6)). What are the prime factors of (-30)/195 + 2812/y?
2, 3
Let v = -5101 - -7213. Suppose -5*h - 11*h = -v. What are the prime factors of h?
2, 3, 11
Let p be (1/(-4))/((-12)/16)*-6. What are the prime factors of ((-3448)/14)/(p/7)?
2, 431
Let h = 1166 + -371. Suppose -h*s + 801*s - 7812 = 0. What are the prime factors of s?
2, 3, 7, 31
Let s(o) = -o**3 - 11*o**2 - 2*o + 14. Let h(m) = m**3 + 16*m**2 - m - 9. Let t be h(-16). Let d = t - 19. What are the prime factors of s(d)?
2, 7, 13
Let g(u) = -5*u**2 - 98*u + 43. Let r be g(-20). Suppose -34*b = -r*b - 10230. What are the prime factors of b?
2, 3, 5, 11
Suppose 4*k = -2*y + 3*k + 8574, -5*k + 17130 = 4*y. What are the prime factors of y?
2, 3, 5, 11, 13
Suppose -l + 5*n + 40869 = 0, 2*n - 122624 = -4*l + l. What are the prime factors of l?
2, 107, 191
Let w be 6/4 + 1779/6*-1. List the prime factors of (1 + w/(-10))*10.
5, 61
Suppose 3*a + l = 69, 6 = -0*l + 2*l. What are the prime factors of (-6)/(-33) - 1725*(-2)/a?
157
Let s(n) = 6*n**2 - 78*n + 10. List the prime factors of s(20).
2, 5, 17
Let j be (2 - 35/2)/(9/(-198)). Suppose -2*t + 157 = 5*q, q + 0*q = -4*t + j. Let s = t + -44. What are the prime factors of s?
2, 3, 7
Suppose -2*a = k - 4445, 0 = a + 4*a - k - 11130. Suppose 5*w - a = -5*v, -2*v + w = -v - 453. What are the prime factors of v?
449
Let k = 12504 + 52. List the prime factors of k.
2, 43, 73
Let s(j) = 20*j**2 + 13*j + 23. Let x be s(-13). Suppose 103*y = 97*y + x. What are the prime factors of y?
7, 11
Let w(y) = 5*y + 132. Let q be w(-25). What are the prime factors of 7 - (q - (-7 - -456))?
449
Suppose 0 = 2*s - 17*s + 6045. Let j = 804 - s. List the prime factors of j.
401
Suppose -25*l = -17*l - 272. Let p(u) = -6*u + l + 84*u**2 + 4*u**3 - 3*u**3 - 97*u**2. List the prime factors of p(14).
2, 73
Let a(y) = -4*y**2 + 12*y - 12. Let v(j) = -j**2 - j. Let o(h) = -a(h) + 5*v(h). Let w be o(-11). What are the prime factors of (1/4)/((w/(-1272))/(-13))?
53
Let j(x) = -2*x**3 + 7*x**2 + 4*x - 12. Let z be j(5). Let d = 43 - z. Suppose d = s + 2*g, -4*g + 4 + 4 = 0. What are the prime factors of s?
2, 53
List the prime factors of 3/(51/119)*2231.
7, 23, 97
Let m(p) = -673*